 -6*g - 3*n + 84 = 0, 3*g - 4*n = 37 + 5. Calculate the remainder when 62 is divided by g.
6
Suppose 2*s - 3*l - 242 = 0, -2*s - 135 = -3*s - 2*l. Calculate the remainder when s is divided by 41.
4
Let w be ((-1)/(-4))/(2/16). Let k = -8 - w. Let j = -5 - k. Calculate the remainder when j is divided by 3.
2
Let a = 1882 + -1685. What is the remainder when a is divided by 50?
47
Let a(g) = g**3 - 10*g**2 + 16*g - 23. Calculate the remainder when 355 is divided by a(9).
35
Let f be (12/((-4)/2))/1. What is the remainder when -1*((-20)/f)/(1/(-24)) is divided by 17?
12
Suppose -1734 = 4*t + 954. What is the remainder when t/(-63)*(-3)/(-2) is divided by 9?
7
Let r = 52 - 24. Calculate the remainder when r is divided by 5.
3
Let x(p) = 2*p**3 - 3*p**2 + 2*p. What is the remainder when x(5) is divided by 9 + (-8)/((-12)/3)?
9
Let p be (-4 + 3)*4/(-8)*14. Suppose p*b = b + 18. What is the remainder when 16 is divided by b?
1
Suppose -z - 5*f = -91, 5*z + 10*f - 14*f - 542 = 0. What is the remainder when z is divided by 25?
6
Let b(d) = 3*d + 1 + 10 + 38. Calculate the remainder when 50 is divided by b(-10).
12
Suppose 5*g + 5*p = 70, -4*p - 3 + 73 = 5*g. Suppose c + 5*f - 1 = 0, f = -c + g - 5. Suppose -2*y - 60 = -4*y. What is the remainder when y is divided by c?
8
Suppose 3*x + 86 = 2*g, -31*g + 30*g + 3*x + 46 = 0. What is the remainder when 195 is divided by g?
35
Let z = -60 + 65. Suppose z*i + l + 258 = 899, 0 = -2*i + l + 262. Calculate the remainder when i is divided by 33.
30
Calculate the remainder when 2486/7 + 14/(-784)*8 is divided by 75.
55
Suppose 590 = 2*x + f, 4*f = 4*x - 147 - 1033. Calculate the remainder when x is divided by 27.
25
Suppose -5*o - 5*x + 100 = 0, -o + x + 20 + 6 = 0. Suppose -5*m - 4*c + 72 = 0, 3*m - 4*c + 4 = 28. Calculate the remainder when o is divided by m.
11
Suppose 11024 = 55*d - 7566. What is the remainder when d is divided by 114?
110
Suppose 2*x - 571 = -5*c, -5*x + 5*c + 25 = -1455. Calculate the remainder when x is divided by 5.
3
Let o(w) = 3*w**2 + 3*w. Let a be o(-2). Suppose 115*v - 134*v + 760 = 0. Calculate the remainder when v is divided by (-1)/(-3) + 82/a.
12
Suppose 5*g + 3*b - 4 = 0, -12*g + 11*g - 2 = 2*b. What is the remainder when 4 is divided by g?
0
Let c = -272 + 280. What is the remainder when 747 is divided by c?
3
Let j be 1*-2*(-16 - -26). Let d be (j/(-6))/(22/(-165)). Let i = -17 - d. Calculate the remainder when i is divided by 3.
2
What is the remainder when 57 is divided by (-520)/(-80)*(5 - (-1)/1)?
18
Suppose 0 = -0*o - 5*o + 45. Suppose 0 = 3*f - v - 127, -6*f + 186 = -2*f + 2*v. What is the remainder when f is divided by o?
8
Suppose -4*c + 99 = 3*q - 4*q, c - q - 27 = 0. What is the remainder when 115 is divided by c?
19
Let z = 5 + 17. Suppose -z = 8*s - 246. What is the remainder when s is divided by 16?
12
Suppose -u + 24 = -3*u. What is the remainder when 7 is divided by -2 + 2/(3 + 33/u)?
1
Let q = 4 - -2. Let r be (-20)/6*q/(-5). Suppose -4*x + 8 = 0, 24 = -r*a + 6*a - 4*x. Calculate the remainder when 61 is divided by a.
13
Suppose -5*t + 387 = -103. What is the remainder when t is divided by 227/7 + 392/686?
32
Suppose -4*i - 26 - 2 = 0. Let r be (-8 - i)/((-2)/(-6)). Calculate the remainder when (-3 - 10/r)*111 is divided by 19.
18
Let b = -54 - -111. Calculate the remainder when 1594 is divided by b.
55
Suppose -4*k - 81 - 75 = -5*c, -125 = -4*c + 3*k. Let x = c + 22. Calculate the remainder when x is divided by 28.
26
Let g(n) = 2*n + 7. Let h be g(-2). Suppose -2*f - h*i + 41 = 0, -3*f + 2*i + 65 = 3*i. Calculate the remainder when 41 is divided by f.
19
Let h = 32 - 14. What is the remainder when 48 is divided by h?
12
Let u(b) = -b**3 + 12*b**2 + b - 13. Let o be u(12). Let w = o - -5. Calculate the remainder when 26*(5 + -2)/6 is divided by w.
1
Let y be 8/12 - (-88)/3. Let g = y + -9. What is the remainder when (-2)/(-5) - 1212/(-20) is divided by g?
19
Let o(y) = 2*y**3 - 6*y**2 - 6*y + 20. Let n be o(5). Calculate the remainder when 6/(-4)*(-10 - 0) is divided by 10*(-24)/n*(-6)/4.
3
Suppose 3*o + 2688 = 3*i + 6*o, 2*i - 1777 = 3*o. Calculate the remainder when i is divided by 28.
25
Let d(q) = 2*q**3 + 34*q**2 - 4*q - 46. What is the remainder when 86 is divided by d(-17)?
20
Suppose 11*c - 1141 = 47. Calculate the remainder when c is divided by 28.
24
Let m = -7 - -7. Suppose -3*x - 2*x + u - 403 = m, -328 = 4*x + 2*u. Let j = x - -127. Calculate the remainder when j is divided by 12.
10
Calculate the remainder when 56 + 35/(-2 - 3) is divided by 32.
17
Let t = -10 - -9. What is the remainder when (t - 2) + (-29)/(-1) is divided by (20/8)/((-2)/(-12))?
11
Calculate the remainder when ((-6901)/(-268))/((-1)/(-8)) is divided by 53.
47
Suppose -4*c - 5*a + 48 - 17 = 0, c + 2*a = 7. Suppose 0 = c*q - 14*q + 60. What is the remainder when 46 is divided by q?
10
What is the remainder when 107 is divided by 7 + (-4)/4*-5?
11
Let k(c) = -161*c**3 - c**2 - 3*c - 2. Calculate the remainder when k(-1) is divided by 18.
17
Let a be (-9 + 29)*((-55)/(-2) + -1). What is the remainder when 2/(-6) + (1 - a/(-6)) is divided by 15?
14
Let u = -2666 + 2744. What is the remainder when 612 is divided by u?
66
Suppose 390 = 2*a - 3*w + 30, -2*w + 527 = 3*a. What is the remainder when a is divided by 26?
21
Let s(m) = -m**3 + 5*m**2 + 11*m + 18. Calculate the remainder when s(6) is divided by 10.
8
Calculate the remainder when (-1005)/(-5) + 40/20 is divided by 68.
67
Let w(j) = 9*j + 165. What is the remainder when w(-17) is divided by 12?
0
Let v be -40*((-8)/16 + 1/(-2)). Suppose 0 = -3*l + 2*t + 42, 5*l - v = -2*t + 14. What is the remainder when 20 is divided by l?
8
Let n = 6 + -2. Suppose 6*x - n*x - 106 = 0. What is the remainder when x is divided by 14?
11
Calculate the remainder when 207 is divided by (-10 + 9 - 4)*-1.
2
Suppose -5*b = -5*u + 200, u + 0*u - 2*b - 45 = 0. Calculate the remainder when 102 is divided by u.
32
Calculate the remainder when 474/12*(3 + -2)*2 is divided by 29.
21
Suppose 3*m + 2*c = c + 186, -3*c = -4*m + 235. Calculate the remainder when m is divided by -6 - -4 - (-43 + 19).
17
Suppose 465 = 74*x - 71*x. Calculate the remainder when x is divided by 26.
25
Let g(k) = 7*k + 2. Let u be g(-1). Let y be (8 + u)/((-6)/(-4)). Suppose 0 = -q - 0*q + y*b + 43, q - 43 = -2*b. What is the remainder when q is divided by 15?
13
Suppose 12*s + 6 = 18*s. What is the remainder when 1 is divided by s?
0
Suppose 14 = 3*u - 34. Suppose u = -w - 4. What is the remainder when 19 is divided by (-110)/w*(-2)/(-1)?
8
Let o(z) = z**3 + 9*z**2 - 8*z. Let r be o(-10). What is the remainder when (-1685)/r - 3*(-3)/12 is divided by 29?
27
Suppose 13*k + 48 = 11*k. Calculate the remainder when 63 is divided by k/10*(-40)/16.
3
Calculate the remainder when 59 is divided by (-12 - 555/(-60))/(1/(-4)).
4
Suppose 38 = 5*z - 7. Suppose -z*t = -14*t + 545. Calculate the remainder when t is divided by 37.
35
Suppose 0 = -3*b + w + 3*w + 52, -b = -5*w + 1. Let z = b + -4. Calculate the remainder when 58 is divided by z.
18
Let b be 2 - ((-453)/27 - (-6)/(-27)). Suppose b*k - 23*k + 44 = 0. Calculate the remainder when k is divided by 7.
4
Let s(y) = y**3 + 3*y**2 - 5*y - 1. Let t be s(-7). Let p = -94 - t. Let o = p + -40. Calculate the remainder when o is divided by 10.
8
Let i(h) = h**3 - 3*h**2 + 2*h - 3. Let s be i(3). Suppose 3 = s*d + 5*q, -1 = -d - q + 6*q. What is the remainder when 1 is divided by d?
0
Calculate the remainder when 177 is divided by ((-8)/6)/((-30)/(-675)*-5).
3
Let i be (2 - -7)*1/(-3). Let z be (1 + -2)/(i/(-15)). Calculate the remainder when 3 + -2 + z + 8 is divided by 2.
0
Let w(q) = q**3 - 11*q**2 + 5*q + 11. Let x be w(11). Calculate the remainder when (28/(-21))/((-4)/x) is divided by 3.
1
Let n = -236 + 335. Calculate the remainder when n is divided by 21.
15
Let d = -33 + 57. Suppose 0 = 4*s + q - 368, 3*s - 4*q + 6*q - 276 = 0. Calculate the remainder when s is divided by d.
20
Suppose 3*h - 556 = 57*o - 62*o, -5*o = 5*h - 560. What is the remainder when o is divided by 62?
48
Let o(k) = 142*k + 859. Calculate the remainder when 172 is divided by o(-6).
4
Suppose 7 = -4*g - 53. Let y(o) = o**2 + 13*o + 36. Calculate the remainder wh